vide 674799349?
False
Is 11049592 a multiple of 904?
True
Does 3 divide 4911771?
True
Is 363 a factor of 36325773?
True
Is 791 a factor of 67650124?
False
Is 65 a factor of 319978081?
False
Is 7 a factor of 1230854261?
True
Is 32041838 a multiple of 1003?
True
Is 439662839 a multiple of 539?
True
Is 552620488 a multiple of 4093?
True
Is 358 a factor of 901388433?
False
Does 127 divide 763913636?
True
Is 106 a factor of 1094727944?
False
Is 563861891 a multiple of 33?
False
Is 9 a factor of 1316383787?
False
Does 130 divide 4672570595?
False
Does 4780 divide 327881645?
False
Does 70 divide 7919568?
False
Is 123 a factor of 8519595?
True
Is 123 a factor of 33486491?
False
Does 3756 divide 126214266?
False
Is 474 a factor of 18929691?
False
Is 13 a factor of 425578088?
True
Is 646612 a multiple of 1028?
True
Is 9 a factor of 13700268?
True
Does 41 divide 107774189?
False
Is 706443964 a multiple of 19?
False
Does 735 divide 932945316?
False
Does 42 divide 2640250?
False
Does 3115 divide 4450593630?
True
Does 68 divide 15230096?
True
Is 4 a factor of 139971148?
True
Does 67 divide 17614000?
False
Is 1318 a factor of 58600311?
False
Is 260562030 a multiple of 30?
True
Does 1503 divide 239253552?
True
Is 11 a factor of 56142977?
True
Is 22 a factor of 32961346?
True
Is 3298 a factor of 1207381838?
False
Does 12 divide 1994412786?
False
Is 3559460 a multiple of 493?
True
Is 1943 a factor of 344035352?
True
Does 210 divide 40491582?
False
Is 1819 a factor of 921169477?
False
Is 191942856 a multiple of 63?
True
Does 4 divide 26170212?
True
Is 841453710 a multiple of 30?
True
Is 895 a factor of 303643070?
True
Does 1503 divide 1957026240?
True
Is 1600 a factor of 34128171?
False
Is 13 a factor of 171822677?
True
Does 367 divide 107221986?
True
Does 1048 divide 30970496?
True
Is 781595409 a multiple of 5942?
False
Is 32 a factor of 3828822592?
True
Does 11 divide 11911559?
True
Is 669 a factor of 4251447?
False
Does 16 divide 118455392?
True
Is 256852984 a multiple of 15?
False
Is 24 a factor of 153735479?
False
Does 675 divide 443179634?
False
Does 230 divide 1061027292?
False
Does 1517 divide 2260423?
False
Does 50 divide 1388361408?
False
Does 10 divide 38163370?
True
Is 1695417588 a multiple of 4034?
True
Is 1698 a factor of 327982284?
True
Does 1004 divide 322691592?
False
Is 57 a factor of 292277988?
True
Is 1456 a factor of 391596507?
False
Is 67 a factor of 2709418963?
True
Is 159 a factor of 55655354?
False
Is 119122928 a multiple of 348?
False
Is 2477598555 a multiple of 1245?
True
Is 971955960 a multiple of 8?
True
Is 199762002 a multiple of 1122?
True
Is 43 a factor of 108946528?
False
Does 23 divide 615327763?
True
Does 3 divide 4605308?
False
Does 1944 divide 19356508?
False
Does 577 divide 47942930?
True
Is 4192450 a multiple of 382?
True
Is 2258 a factor of 2269835480?
False
Does 5129 divide 1567832732?
False
Is 59 a factor of 314700041?
True
Is 82 a factor of 42797112?
True
Does 2116 divide 18042650?
False
Does 524 divide 583915732?
True
Is 9 a factor of 33851961?
True
Does 5 divide 517355523?
False
Is 25498265 a multiple of 5?
True
Does 46 divide 2116966?
True
Does 42 divide 47057724?
True
Is 60386096 a multiple of 61?
True
Does 830 divide 38370672?
False
Is 2316429114 a multiple of 58?
True
Is 1711366508 a multiple of 1050?
False
Does 51 divide 15898944?
True
Does 11 divide 62739349?
False
Is 83068380 a multiple of 3852?
True
Is 34239737 a multiple of 4?
False
Does 75 divide 16963950?
True
Does 673 divide 35188478?
True
Does 12 divide 67668743?
False
Is 1269973 a multiple of 31?
False
Does 14 divide 2329008745?
False
Does 22 divide 72753186?
True
Is 1578 a factor of 137751867?
False
Is 105003600 a multiple of 1016?
True
Is 7 a factor of 1498156?
False
Is 5485489 a multiple of 206?
False
Does 1457 divide 147232764?
True
Does 23 divide 58379175?
True
Is 425185152 a multiple of 3136?
True
Does 8 divide 10651739?
False
Is 103646973 a multiple of 489?
True
Is 4423800 a multiple of 303?
True
Is 99 a factor of 27982746?
True
Is 9 a factor of 19504631?
False
Is 352 a factor of 248504608?
True
Is 200526643 a multiple of 64?
False
Is 27 a factor of 1092258270?
True
Is 39 a factor of 38868825?
False
Does 6 divide 4443768?
True
Is 107 a factor of 5608286?
False
Is 1266527946 a multiple of 14?
False
Is 820 a factor of 508899117?
False
Does 46 divide 5288068?
True
Is 6 a factor of 138626376?
True
Is 4 a factor of 4595464?
True
Is 26875982 a multiple of 406?
True
Does 882 divide 19441263?
False
Does 198 divide 300498858?
True
Is 64 a factor of 307771520?
True
Does 185 divide 268115946?
False
Is 23 a factor of 250072243?
False
Is 173852 a multiple of 49?
True
Is 7644290 a multiple of 137?
False
Is 308142888 a multiple of 12?
True
Does 166 divide 381135518?
False
Is 2550921681 a multiple of 93?
False
Does 1089 divide 46275517?
False
Does 634 divide 3634895716?
True
Does 761 divide 54147518?
False
Is 980 a factor of 742849960?
False
Is 26731209 a multiple of 6?
False
Is 875 a factor of 69459250?
True
Is 57 a factor of 1499504?
False
Is 55350800 a multiple of 760?
True
Is 3998 a factor of 45121428?
True
Does 812 divide 22837500?
True
Is 464 a factor of 604356752?
True
Is 193 a factor of 555643892?
False
Is 16662764 a multiple of 46?
True
Is 27274123 a multiple of 114?
False
Is 18 a factor of 19130497?
False
Does 1580 divide 54889200?
True
Does 62 divide 20909296?
False
Does 5 divide 313629207?
False
Is 26213065 a multiple of 1740?
False
Does 6591 divide 2460202478?
False
Does 38 divide 64400060?
False
Does 792 divide 173425591?
False
Is 1418 a factor of 37087790?
True
Does 4 divide 13947375?
False
Does 2578 divide 120500610?
False
Is 738381 a multiple of 252?
False
Is 42237599 a multiple of 244?
False
Does 49 divide 19847254?
True
Is 9 a factor of 215134326?
True
Does 12 divide 252036?
True
Is 1178 a factor of 242467740?
True
Does 396 divide 761740056?
True
Does 21 divide 131564181?
True
Does 268 divide 142745644?
True
Is 17045467 a multiple of 228?
False
Does 39 divide 36504663?
True
Does 423 divide 51836755?
False
Does 225 divide 86519094?
False
Is 15 a factor of 17963730?
True
Is 473689 a multiple of 3?
False
Is 54 a factor of 60624220?
False
Is 73079738 a multiple of 4390?
False
Is 19 a factor of 681006664?
True
Is 3118268741 a multiple of 5140?
False
Does 11 divide 193215?
True
Is 924317010 a multiple of 18?
True
Is 335208315 a multiple of 1055?
True
Is 860 a factor of 1843144260?
True
Is 8 a factor of 299851527?
False
Is 1146016696 a multiple of 482?
True
Does 46 divide 272837917?
False
Does 308 divide 1861552?
True
Does 19 divide 152455259?
True
Does 1535 divide 13334545?
True
Does 13 divide 523622242?
True
Does 2879 divide 1841151357?
False
Is 15715018 a multiple of 13?
False
Is 1738593685 a multiple of 1319?
True
Is 30 a factor of 147928200?
True
Does 69 divide 1488894903?
True
Is 739892910 a multiple of 15?
True
Is 2542420 a multiple of 56?
False
Is 36 a factor of 34644295?
False
Does 60 divide 15132420?
True
Does 3 divide 20218239?
True
Does 70 divide 4383181?
False
Does 73 divide 7063277?
False
Does 902 divide 1515153442?
True
Is 2281525 a multiple of 206?
False
Is 6247607557 a multiple of 48?
False
Is 2133 a factor of 657125452?
False
Is 46658874 a multiple of 6?
True
Is 39329124 a multiple of 213?
False
Is 1631 a factor of 1109900764?
False
Does 170 divide 488168090?
True
Is 2 a factor of 6813391?
False
Is 41 a factor of 84120520?
True
Is 33 a factor of 458447913?
True
Is 961 a factor of 117785391?
False
Is 2414 a factor of 3722715?
False
Is 13610188 a multiple of 48?
False
Does 38 divide 133970824?
True
Is 45 a factor of 47697930?
True
Does 130 divide 217822461?
False
Does 287 divide 15801072?
True
Is 54703516 a multiple of 28?
True
Is 1719 a factor of 1056108906?
True
Does 137 divide 2387925755?
True
Is 304 a factor of 20424223?
False
Is 22 a factor of 161552316?
False
Does 534 divide 433408684?
False
Is 8755 a factor of 1408517824?
False
Is 17 a factor of 8915514?
True
Is 113632497 a multiple of 27?
True
Does 88 divide 15982384?
True
Does 15 divide 155416145?
False
Is 116220105 a multiple of 5?
True
Does 7441 divide 141691522?
True
Is 35285048 a multiple of 16?
False
Is 10793655 a multiple of 135?
True
Is 28100727 a multiple of 367?
